{"id":1338,"date":"2022-01-22T13:13:48","date_gmt":"2022-01-22T19:13:48","guid":{"rendered":"http:\/\/localhost\/sismos2\/?page_id=1338"},"modified":"2023-09-07T16:39:30","modified_gmt":"2023-09-07T22:39:30","slug":"hemerografia","status":"publish","type":"page","link":"https:\/\/sismos.convocatoriaprone.mx\/?page_id=1338","title":{"rendered":"Hemerograf\u00eda"},"content":{"rendered":"<div data-colibri-id=\"1338-c1\" class=\"style-1052 style-local-1338-c1 position-relative\">\n  <!---->\n  <div data-colibri-component=\"section\" data-colibri-id=\"1338-c2\" id=\"custom\" class=\"h-section h-section-global-spacing d-flex align-items-lg-center align-items-md-center align-items-center style-1053 style-local-1338-c2 position-relative\">\n    <!---->\n    <!---->\n    <div class=\"h-section-grid-container h-section-boxed-container\">\n      <!---->\n      <div data-colibri-id=\"1338-c6\" class=\"h-row-container gutters-row-lg-2 gutters-row-md-2 gutters-row-0 gutters-row-v-lg-2 gutters-row-v-md-2 gutters-row-v-2 style-1359 style-local-1338-c6 position-relative\">\n        <!---->\n        <div class=\"h-row justify-content-lg-center justify-content-md-center justify-content-center align-items-lg-stretch align-items-md-stretch align-items-stretch gutters-col-lg-2 gutters-col-md-2 gutters-col-0 gutters-col-v-lg-2 gutters-col-v-md-2 gutters-col-v-2\">\n          <!---->\n          <div class=\"h-column h-column-container d-flex h-col-lg-auto h-col-md-auto h-col-auto style-1360-outer style-local-1338-c7-outer\">\n            <div data-colibri-id=\"1338-c7\" class=\"d-flex h-flex-basis h-column__inner h-px-lg-2 h-px-md-2 h-px-2 v-inner-lg-2 v-inner-md-2 v-inner-2 style-1360 style-local-1338-c7 position-relative\">\n              <!---->\n              <!---->\n              <div class=\"w-100 h-y-container h-column__content h-column__v-align flex-basis-100 align-self-lg-start align-self-md-start align-self-start\">\n                <!---->\n                <div data-colibri-id=\"1338-c8\" class=\"h-text h-text-component style-1361 style-local-1338-c8 position-relative h-element\">\n                  <!---->\n                  <!---->\n                  <div class=\"\">\n                    <p><span style=\"font-weight: 600; font-size: 17px; font-family: Montserrat; color: rgb(255, 255, 255);\">En este apartado encontrar\u00e1s 479 registros referentes a los sismos, en blog, bolet\u00edn, facebook, p\u00e1gina de gobierno, pagina web, peri\u00f3dico digital y electr\u00f3nico, revistas y revistas digitales con tem\u00e1ticas como, sismos, afectaciones a la poblaci\u00f3n, donativos, entregas de acopio, hallazgos arqueol\u00f3gicos, fotograf\u00edas, etc.<\/span><\/p>\n                  <\/div>\n                <\/div>\n              <\/div>\n            <\/div>\n          <\/div>\n        <\/div>\n      <\/div>\n      <div data-colibri-id=\"1338-c3\" class=\"h-row-container gutters-row-lg-2 gutters-row-md-2 gutters-row-0 gutters-row-v-lg-2 gutters-row-v-md-2 gutters-row-v-2 style-1054 style-local-1338-c3 position-relative\">\n        <!---->\n        <div class=\"h-row justify-content-lg-center justify-content-md-center justify-content-center align-items-lg-stretch align-items-md-stretch align-items-stretch gutters-col-lg-2 gutters-col-md-2 gutters-col-0 gutters-col-v-lg-2 gutters-col-v-md-2 gutters-col-v-2\">\n          <!---->\n          <div class=\"h-column h-column-container d-flex h-col-lg-auto h-col-md-auto h-col-auto style-1055-outer style-local-1338-c4-outer\">\n            <div data-colibri-id=\"1338-c4\" class=\"d-flex h-flex-basis h-column__inner h-px-lg-2 h-px-md-2 h-px-2 v-inner-lg-2 v-inner-md-2 v-inner-2 style-1055 style-local-1338-c4 position-relative\">\n              <!---->\n              <!---->\n              <div class=\"w-100 h-y-container h-column__content h-column__v-align flex-basis-100 align-self-lg-start align-self-md-start align-self-start\">\n                <!---->\n                <div data-colibri-id=\"1338-c5\" class=\"style-1056 style-local-1338-c5 position-relative h-element\">\n                  <!---->\n                  <div class=\"\">[table id=8 responsive=collapse responsive_breakpoint=&#8221;all&#8221; automatic_url_conversion=true automatic_url_conversion_new_window=true\/]<\/div>\n                <\/div>\n              <\/div>\n            <\/div>\n          <\/div>\n        <\/div>\n      <\/div>\n    <\/div>\n  <\/div>\n<\/div>","protected":false},"excerpt":{"rendered":"<p>En este apartado encontrar\u00e1s 479 registros referentes a los sismos, en blog, bolet\u00edn, facebook, p\u00e1gina de gobierno, pagina web, peri\u00f3dico digital y electr\u00f3nico, revistas y revistas digitales con tem\u00e1ticas como, sismos, afectaciones a la poblaci\u00f3n, donativos, entregas de acopio, hallazgos arqueol\u00f3gicos, fotograf\u00edas, etc. [table id=8 responsive=collapse responsive_breakpoint=&#8221;all&#8221; automatic_url_conversion=true automatic_url_conversion_new_window=true\/]<\/p>\n","protected":false},"author":1,"featured_media":0,"parent":0,"menu_order":0,"comment_status":"closed","ping_status":"closed","template":"page-templates\/full-width-page.php","meta":{"footnotes":""},"class_list":["post-1338","page","type-page","status-publish","hentry"],"_links":{"self":[{"href":"https:\/\/sismos.convocatoriaprone.mx\/index.php?rest_route=\/wp\/v2\/pages\/1338","targetHints":{"allow":["GET"]}}],"collection":[{"href":"https:\/\/sismos.convocatoriaprone.mx\/index.php?rest_route=\/wp\/v2\/pages"}],"about":[{"href":"https:\/\/sismos.convocatoriaprone.mx\/index.php?rest_route=\/wp\/v2\/types\/page"}],"author":[{"embeddable":true,"href":"https:\/\/sismos.convocatoriaprone.mx\/index.php?rest_route=\/wp\/v2\/users\/1"}],"replies":[{"embeddable":true,"href":"https:\/\/sismos.convocatoriaprone.mx\/index.php?rest_route=%2Fwp%2Fv2%2Fcomments&post=1338"}],"version-history":[{"count":7,"href":"https:\/\/sismos.convocatoriaprone.mx\/index.php?rest_route=\/wp\/v2\/pages\/1338\/revisions"}],"predecessor-version":[{"id":3393,"href":"https:\/\/sismos.convocatoriaprone.mx\/index.php?rest_route=\/wp\/v2\/pages\/1338\/revisions\/3393"}],"wp:attachment":[{"href":"https:\/\/sismos.convocatoriaprone.mx\/index.php?rest_route=%2Fwp%2Fv2%2Fmedia&parent=1338"}],"curies":[{"name":"wp","href":"https:\/\/api.w.org\/{rel}","templated":true}]}}